{"id":164,"date":"2021-08-11T16:19:24","date_gmt":"2021-08-11T14:19:24","guid":{"rendered":"https:\/\/hospizbewegung-goeppingen.de\/neu\/?page_id=164"},"modified":"2021-08-11T16:19:24","modified_gmt":"2021-08-11T14:19:24","slug":"tuerkye","status":"publish","type":"page","link":"https:\/\/hospizbewegung-goeppingen.de\/neu\/tuerkye\/","title":{"rendered":"T\u00fcrkye"},"content":{"rendered":"\n<p>T\u00fcrk\u00e7e baz\u0131 bilgiler<\/p>\n","protected":false},"excerpt":{"rendered":"<p>T\u00fcrk\u00e7e baz\u0131 bilgiler<\/p>\n","protected":false},"author":1,"featured_media":0,"parent":0,"menu_order":0,"comment_status":"closed","ping_status":"closed","template":"","meta":{"footnotes":""},"class_list":["post-164","page","type-page","status-publish","hentry"],"_links":{"self":[{"href":"https:\/\/hospizbewegung-goeppingen.de\/neu\/wp-json\/wp\/v2\/pages\/164","targetHints":{"allow":["GET"]}}],"collection":[{"href":"https:\/\/hospizbewegung-goeppingen.de\/neu\/wp-json\/wp\/v2\/pages"}],"about":[{"href":"https:\/\/hospizbewegung-goeppingen.de\/neu\/wp-json\/wp\/v2\/types\/page"}],"author":[{"embeddable":true,"href":"https:\/\/hospizbewegung-goeppingen.de\/neu\/wp-json\/wp\/v2\/users\/1"}],"replies":[{"embeddable":true,"href":"https:\/\/hospizbewegung-goeppingen.de\/neu\/wp-json\/wp\/v2\/comments?post=164"}],"version-history":[{"count":1,"href":"https:\/\/hospizbewegung-goeppingen.de\/neu\/wp-json\/wp\/v2\/pages\/164\/revisions"}],"predecessor-version":[{"id":165,"href":"https:\/\/hospizbewegung-goeppingen.de\/neu\/wp-json\/wp\/v2\/pages\/164\/revisions\/165"}],"wp:attachment":[{"href":"https:\/\/hospizbewegung-goeppingen.de\/neu\/wp-json\/wp\/v2\/media?parent=164"}],"curies":[{"name":"wp","href":"https:\/\/api.w.org\/{rel}","templated":true}]}}